ns digit of 8545946965?
8
What is the billions digit of 1387545592?
1
What is the ten thousands digit of 75963984?
6
What is the thousands digit of 185890355?
0
What is the thousands digit of 14629958?
9
What is the hundred millions digit of 1937552255?
9
What is the units digit of 125072776?
6
What is the hundreds digit of 1502862134?
1
What is the ten millions digit of 628067451?
2
What is the millions digit of 684909752?
4
What is the thousands digit of 94584033?
4
What is the tens digit of 68777801?
0
What is the tens digit of 25741417?
1
What is the tens digit of 350018892?
9
What is the units digit of 365755597?
7
What is the ten thousands digit of 5255456?
5
What is the tens digit of 103785454?
5
What is the ten millions digit of 115293664?
1
What is the millions digit of 29474143?
9
What is the hundred millions digit of 2308835062?
3
What is the ten thousands digit of 165654780?
5
What is the tens digit of 171513105?
0
What is the ten thousands digit of 428796868?
9
What is the hundreds digit of 3971485899?
8
What is the tens digit of 140938108?
0
What is the ten millions digit of 20350976?
2
What is the tens digit of 1070939648?
4
What is the ten thousands digit of 115482660?
8
What is the ten millions digit of 595666251?
9
What is the hundred millions digit of 984414673?
9
What is the hundred thousands digit of 2782003545?
0
What is the thousands digit of 941394366?
4
What is the units digit of 2135671615?
5
What is the millions digit of 78949867?
8
What is the billions digit of 5514658959?
5
What is the tens digit of 370037761?
6
What is the millions digit of 22300316?
2
What is the hundred thousands digit of 271302013?
3
What is the units digit of 148468752?
2
What is the units digit of 119776982?
2
What is the millions digit of 110910887?
0
What is the hundred thousands digit of 785024705?
0
What is the hundred thousands digit of 52349291?
3
What is the millions digit of 12462480?
2
What is the hundred thousands digit of 113800961?
8
What is the tens digit of 171182350?
5
What is the tens digit of 99249302?
0
What is the ten thousands digit of 1290355379?
5
What is the ten thousands digit of 4562576584?
7
What is the tens digit of 1377302671?
7
What is the millions digit of 175385089?
5
What is the hundred thousands digit of 1345133018?
1
What is the hundred millions digit of 2535917715?
5
What is the ten millions digit of 428308104?
2
What is the hundred millions digit of 1397848754?
3
What is the ten thousands digit of 35409030?
0
What is the tens digit of 919204098?
9
What is the thousands digit of 51905411?
5
What is the ten thousands digit of 508010546?
1
What is the millions digit of 318020599?
8
What is the ten millions digit of 1018620088?
1
What is the units digit of 2287557460?
0
What is the units digit of 2909409019?
9
What is the hundreds digit of 5097805310?
3
What is the tens digit of 449127659?
5
What is the ten thousands digit of 27433624?
3
What is the tens digit of 808669338?
3
What is the hundred thousands digit of 170335122?
3
What is the tens digit of 59413899?
9
What is the hundreds digit of 11294598?
5
What is the units digit of 4551201190?
0
What is the hundred thousands digit of 185577034?
5
What is the thousands digit of 23689452?
9
What is the ten millions digit of 42970111?
4
What is the hundred thousands digit of 270802915?
8
What is the hundred millions digit of 122269645?
1
What is the units digit of 201616306?
6
What is the thousands digit of 1198619994?
9
What is the tens digit of 551614329?
2
What is the thousands digit of 3650391?
0
What is the ten thousands digit of 611406040?
0
What is the hundreds digit of 4345893?
8
What is the thousands digit of 784190230?
0
What is the thousands digit of 14561985?
1
What is the ten thousands digit of 148116159?
1
What is the hundred thousands digit of 101517992?
5
What is the units digit of 68278408?
8
What is the hundred millions digit of 145093716?
1
What is the tens digit of 165104472?
7
What is the millions digit of 257957435?
7
What is the tens digit of 35761120?
2
What is the hundred millions digit of 237533259?
2
What is the hundred millions digit of 138677332?
1
What is the hundred thousands digit of 135009246?
0
What is the tens digit of 257012461?
6
What is the ten millions digit of 368331389?
6
What is the hundred millions digit of 201551110?
2
What is the hundred millions digit of 1501522424?
5
What is the thousands digit of 3135315154?
5
What is the ten thousands digit of 345413736?
1
What is the thousands digit of 155145681?
5
What is the ten thousands digit of 1927375609?
7
What is the hundred millions digit of 3085445971?
0
What is the thousands digit of 40746057?
6
What is the ten millions digit of 37374195?
3
What is the thousands digit of 15927094?
7
What is the hundred thousands digit of 7127888214?
8
What is the ten millions digit of 12442137?
1
What is the ten millions digit of 140873197?
4
What is the millions digit of 294248637?
4
What is the tens digit of 190205764?
6
What is the hundred millions digit of 770207172?
7
What is the ten thousands digit of 3164478286?
7
What is the thousands digit of 939963388?
3
What is the ten thousands digit of 139901785?
0
What is the hundred thousands digit of 604848531?
8
What is the tens digit of 1039800833?
3
What is the millions digit of 558159822?
8
What is the millions digit of 475482569?
5
What is the tens digit of 3991317511?
1
What is the units digit of 106331838?
8
What is the tens digit of 92840275?
7
What is the hundreds digit of 86465327?
3
What is the tens digit of 2943711473?
7
What is the hundred thousands digit of 505857839?
8
What is the tens digit of 281128154?
5
What is the hundred thousands digit of 2204258223?
2
What is the millions digit of 67401000?
7
What is the millions digit of 468014914?
8
What is the units digit of 30405326?
6
What is the units digit of 6967806390?
0
What is the hundred thousands digit of 3289928227?
9
What is the ten millions digit of 657243547?
5
What is the thousands digit of 318224175?
4
What is the hundreds digit of 143004050?
0
What is the thousands digit of 452168307?
8
What is the tens digit of 29957607?
0
What is the hundred millions digit of 1348801591?
3
What is the hundred thousands digit of 201760290?
7
What is the thousands digit of 73273815?
3
What is the hundreds digit of 583000071?
0
What is the billions digit of 1345951744?
1
What is the billions digit of 6652613869?
6
What is the hundred millions digit of 3456577031?
4
What is the units digit of 98309746?
6
What is the units digit of 259715660?
0
What is the tens digit of 1037247883?
8
What is the hundreds digit of 436101527?
5
What is the hundred thousands digit of 11708272?
7
What is the ten millions digit of 133146120?
3
What is the tens digit of 90014456?
5
What is the hundreds digit of 103944051?
0
What is the hundred millions digit of 293793542?
2
What is the thousands digit of 117633395?
3
What is the millions digit of 10757977?
0
What is the ten millions digit of 6234523973?
3
What is the tens digit of 673308325?
2
What is the millions digit of 34621407?
4
What is the units digit of 96497811?
1
What is the units digit of 648450126?
6
What is the hundred millions digit of 391369770?
3
What is the ten thousands digit of 3442696550?
9
What is the units digit of 218980753?
3
What is the ten millions digit of 168416267?
6
What is the units digit of 45992913?
3
What is the units digit of 785907280?
0
What is the hundreds digit of 42606358?
3
What is the hundred thousands digit of 92911453?
9
What is the tens digit of 291878524?
2
What is the thousands digit of 959924954?
4
What is the hundreds digit of 332365326?
3
What is the tens digit of 85795924?
2
What is the thousands digit of 4319806675?
6
What is the tens digit of 219122672?
7
What is the millions digit of 44404454?
4
What is the hundreds digit of 50186002?
0
What is the hundred thousands digit of 86797183?
7
What is the ten millions digit of 637952688?
3
What is the ten millions digit of 1202564723?
0
What is the billions digit of 1487830373?
1
What is the ten millions digit of 465601738?
6
What is the ten millions digit of 628970043?
2
What is the hundred thousands digit of 79800729?
8
What is the units digit of 78538